rs of v?
2
Suppose 4*v - 210 = -v. Let i be (-3 - (-5 + -65))*1. Let g = i - v. List the prime factors of g.
5
What are the prime factors of 10/30 + 2794*1/6?
2, 233
Let y = -524 + 1221. What are the prime factors of y?
17, 41
Let w(c) be the first derivative of -4*c + 11/2*c**2 + 8. What are the prime factors of w(4)?
2, 5
Let x(u) = 2*u**2 + 7 + 2*u**3 + 5*u - 3*u**3 - 4*u**2. Let l be x(-3). Let i(y) = 45*y**2 - y + 2. What are the prime factors of i(l)?
2, 23
Let l = -157 + 215. What are the prime factors of l?
2, 29
List the prime factors of ((-306)/102)/(1 - 1186/1185).
3, 5, 79
Suppose -111*o = -126*o + 10410. What are the prime factors of o?
2, 347
Suppose -4*h + 3973 = 3*n + 170, -5*n + 5*h + 6280 = 0. List the prime factors of n.
13, 97
Let j = -2 - -6. Suppose -u = j*u, -2*o = -3*u - 36. What are the prime factors of 940/o - (-4)/(-18)?
2, 13
Let w(a) be the second derivative of -a**4/12 + 13*a**3/6 - 5*a**2/2 + 2*a. List the prime factors of w(5).
5, 7
Let i(h) = 3*h**2 - 13*h + 67. List the prime factors of i(11).
7, 41
Suppose -n - 33 = -2*n. Let v(i) = -10*i + 164. Let q be v(16). Suppose -l = 2*f - n, -47 = 4*f - 7*f - q*l. What are the prime factors of f?
17
Let w(t) = -t**3 - 10*t**2 - 8*t + 13. Let a be w(-9). Let v be (-2 + a/4)*-33. Suppose -5*j = -v - 17. List the prime factors of j.
2, 5
Let m(q) = q**3 + 7*q**2 + 2*q. Let h be m(-6). Let k = h - -4. List the prime factors of k.
2, 7
Let d(k) = -1450*k**3 + k + 2. List the prime factors of d(-1).
1451
List the prime factors of (-10 - -5)*-114 + 8 + -2.
2, 3
List the prime factors of ((-258)/(-9) - -3)*69.
5, 19, 23
List the prime factors of (4 - 27*(-2)/(-6)) + 2878.
13, 17
Suppose -1 = 6*b - 13. Suppose b*c - 10 - 133 = -5*a, -5*a = c - 74. What are the prime factors of c?
3, 23
Let u(b) = 6*b + 23. Let a(p) = 2*p + 8. Let r(x) = 17*a(x) - 6*u(x). Let g be r(-6). What are the prime factors of 24/g*50/15?
2
Let g(p) be the first derivative of p**3/3 + 4*p**2 + 2*p + 5. Let v be g(-8). Suppose -t = 0, -2*d - 2*t = v*t - 44. List the prime factors of d.
2, 11
Let i = 539 + -204. Let x = 539 - i. What are the prime factors of (x/(-9))/((-4)/6)?
2, 17
Let j be 1*(-12)/4 - -10. Let c = j + 27. What are the prime factors of c?
2, 17
Suppose 7*q = 3*q - 8. Let k be -2*(72/(-2) - q). Suppose -2*s + 3*r = 7 - 43, -2*s = 5*r - k. List the prime factors of s.
2, 3
Let o = -1319 - -3526. What are the prime factors of o?
2207
Let a be (1 - (-1 + -220)) + (36 - 33). What are the prime factors of (-3 - -1)/((-10)/a)?
3, 5
Let f(d) = 52*d**2 + 45*d - 224. What are the prime factors of f(6)?
2, 7, 137
Let i = 1726 + -983. What are the prime factors of i?
743
Suppose -73*v - 2244 + 7135 = 0. List the prime factors of v.
67
Suppose 41*d + 16375 = 79187. List the prime factors of d.
2, 383
Let x = -18 + 22. Suppose 3*y + a = -a + 29, -2*y + x*a + 14 = 0. What are the prime factors of y?
3
Suppose q - 2*q + 2*r + 12 = 0, -2*r + 8 = q. Suppose 4*t + 28 = 2*k - q, 3*t + 27 = 3*k. List the prime factors of (t/(-8))/(1/12).
3, 5
Suppose 9*h = -25*h + 31688. What are the prime factors of h?
2, 233
Suppose -29*l + 19*l = -38660. List the prime factors of l.
2, 1933
List the prime factors of (47*-4)/(2 + 168/(-77)).
2, 11, 47
Suppose -f + 3 = -5*q - 39, -5*f = 5*q - 60. Let b = f - 13. Suppose -2*g = -4*g, 5*r = -b*g + 150. What are the prime factors of r?
2, 3, 5
Suppose o - 6*o = 0. Suppose -2*i = u - 55, -2*u = -5*i - o*i + 124. Let z = i + -11. List the prime factors of z.
3, 5
Suppose -b - 3*a + 18 = 0, 0 = -b - a - 0*a + 8. Suppose 360 = 2*i + b*i. What are the prime factors of i?
2, 3
Suppose 27*w + 16245 = 46*w. List the prime factors of w.
3, 5, 19
Let r(i) = -7 + 5*i + 3 - 2*i**2 + i**2. Let y be r(4). Suppose -15 = -3*x, -2*w = -y*x - 3*x - 21. What are the prime factors of w?
2, 3
Suppose 2*t - t = 0. Let r = 3 - -40. Suppose t = -3*k + 121 - r. List the prime factors of k.
2, 13
Let n be 2*(19/2 - -1). Let m = n - -66. Suppose 4*s = s + m. What are the prime factors of s?
29
Suppose 15 = 4*g - 5*s, 0 = g + g - 4*s. What are the prime factors of (-4)/g + (-1460)/(-25)?
2, 29
Let k(v) = -173*v + 4. Let m be k(-2). Let y = 124 - m. What are the prime factors of (-6)/21 + y/(-7)?
2
Let x be 31/11 - 4/(-22). Let k(j) = 2*j**3 + 4*j**2 - 9*j + 13. List the prime factors of k(x).
2, 19
Let d(h) = -h**3 + 26*h**2 - 18*h + 91. What are the prime factors of d(24)?
811
Let w = -599 + 1165. List the prime factors of w.
2, 283
Suppose 32*o + 64 = 24*o. Let a(d) = -2 - 9*d**2 - 3*d**3 + 2*d**3 - 11*d + 8. What are the prime factors of a(o)?
2, 3, 5
Let y = 18 - 32. Let l(f) = 2*f**2 + 17*f + 11. What are the prime factors of l(y)?
3, 5, 11
Let b(v) = v**3 - 9*v**2 - 10*v + 9. Let y be b(10). Suppose -y*n = -15*n + 168. List the prime factors of n.
2, 7
Let v(n) = 6*n**2 + 23*n - 14. What are the prime factors of v(5)?
251
Let t = 100 + -5. Let u = t + -58. What are the prime factors of u?
37
Let j(z) = 442*z - 16. Let q be j(6). Suppose -976 + q = 10*x. List the prime factors of x.
2, 83
Suppose 5*n = 10, 5*n - 8*n + 808 = 2*b. List the prime factors of b.
401
Let v(i) = -i**2 - 5*i + 6. Let x be v(-6). Suppose -6*k + 2*k - 4 = x. List the prime factors of (k/2)/((-1)/10).
5
Let a(c) be the second derivative of -c**6/720 + c**5/40 - c**4/3 - c. Let p(v) be the third derivative of a(v). List the prime factors of p(-8).
11
Let z be (-114)/(-27) + 2/(-9). Suppose -9*t + z*t = -110. List the prime factors of t.
2, 11
List the prime factors of (2632/(-5))/((-162)/30 + 5).
2, 7, 47
Let f = -4 - -7. Suppose -5*d - 38 = -3*m, f = -3*d + 9. List the prime factors of 194/7 - m/(-56).
2, 7
Suppose 3*r - 3*v + 32 = 5*r, 2*v = 3*r - 35. Let y = 88 - r. Let u = y + -39. List the prime factors of u.
2, 3
Let s = 5 - 2. Suppose -5*x - s*j + 114 = 0, x - 15 = -j + 7. List the prime factors of x.
2, 3
Suppose 5*g + 15 = -2*c + 50, -5*c + 3*g = -41. Let z = -31 + c. What are the prime factors of (112/24)/((-2)/z)?
7
Suppose -3*u - 3*x + 3 = 0, u - 3*x - 17 = -4. Suppose -4*y + 8 = -u. Suppose 8 = n - y*t, -t = -n - 5*t - 6. What are the prime factors of n?
2
Let y be 2 + -5 + 7 + -2. Suppose -55 + 11 = -y*d. List the prime factors of d.
2, 11
List the prime factors of (-2)/(4315/(-2155) - -2).
2, 431
Suppose v - 6 = -4. Suppose 2*c - 86 = c + 3*a, v*a - 414 = -4*c. List the prime factors of c.
101
Let t(d) = -d**3 - 10*d**2 - 17*d - 9. Let v be t(-9). List the prime factors of -3*6/v - (-975)/7.
139
Let v = -3466 + 5072. What are the prime factors of v?
2, 11, 73
What are the prime factors of -1*914/1*1/(-2)?
457
Let m = -61 - -106. Let a = m + -25. Let d = a - -3. List the prime factors of d.
23
Suppose -5*i + 3*i = -q + 103, -q = 2*i - 87. Suppose -q*c + 188 = -93*c. List the prime factors of c.
2, 47
Let q(f) = f**2 - 3*f - 7. Let l be q(3). Let i(g) be the second derivative of -g**3/2 - 4*g**2 - g. List the prime factors of i(l).
13
Suppose 4*a + 1092 = 2*l, -49*l + 2686 = -44*l + a. What are the prime factors of l?
2, 269
Suppose -54 + 72 = c. List the prime factors of c.
2, 3
Suppose 4*n = 2*n + 42. Let y be ((-7)/(n/(-30)))/2. Suppose -4*v = 4, y*v + 0 = -b + 2. List the prime factors of b.
7
Let b be 23298/9*(-15)/(-10). Let j be 4/10 - b/(-55). Let n = j - 32. What are the prime factors of n?
3, 13
Let p(k) = -43*k - 6. Let l be p(-6). Suppose 7*v + 0 = l. What are the prime factors of v?
2, 3
Let r = 1009 - 640. List the prime factors of r.
3, 41
Let p(m) = -4*m + 1. Let w be p(-1). Suppose 2*c = c + w. Let f(v) = v**2 - 4*v - 3. What are the prime factors of f(c)?
2
Let r = 142 - -317. What are the prime factors of r?
3, 17
Let m(j) = -18*j - 11. Let f be m(-5). Suppose -2 = -2*l + 6. Suppose l*z - 82 = -3*t, -2*z + 15 = -2*t + f. List the prime factors of t.
2, 3, 5
Let v be ((-8)/10)/(1/(-5)). Let a = 51 + -49. Suppose -a*p + 4*y - 182 = -v*p, -4*p + 344 = 3*y. What are the prime factors of p?
83
Let c(f) = 740*f**3 - 8*f**2 + 17*f - 8. List the prime factors of c(2).
2, 2957
Let d = 34 - -486. What are the prime factors of d?
2, 5, 13
Suppose -7*p + 52 = 24. Suppose 4*b - 3*i = 1118, p*i = 5*b + 2*i - 1394. What are the prime factors of b?
2, 139
Let p(c) = 10*c + 414. List the prime factors of p(0)